{"id":16978,"date":"2015-08-19T14:06:35","date_gmt":"2015-08-19T17:06:35","guid":{"rendered":"https:\/\/iberculturaviva.org\/evento\/ii-congreso-latinoamericano-de-cultura-viva-comunitaria\/"},"modified":"2015-08-19T14:06:35","modified_gmt":"2015-08-19T17:06:35","slug":"ii-congreso-latinoamericano-de-cultura-viva-comunitaria","status":"publish","type":"tribe_events","link":"https:\/\/iberculturaviva.org\/es\/agenda\/ii-congreso-latinoamericano-de-cultura-viva-comunitaria\/","title":{"rendered":"II Congreso Latinoamericano de Cultura Viva Comunitaria"},"content":{"rendered":"<div style=\"text-align: justify;\">Ser\u00e1n cinco d\u00edas de espect\u00e1culos, festivales, debates, ponencias, reuniones, talleres y ferias. Las actividades se concentrar\u00e1n en la Universidad de El Salvador. La\u00a0apertura ser\u00e1 en el Teatro Nacional, en el\u00a0centro hist\u00f3rico de San Salvador, con\u00a0la presencia del presidente de la Rep\u00fablica, Salvador S\u00e1nchez Ceren. Sepa m\u00e1s:\u00a0<em>www.cvcelsalvador.cc<\/em>.<\/div>\n","protected":false},"excerpt":{"rendered":"<p>Encontro de pontos de cultura de toda a Am\u00e9rica Latina<\/p>\n","protected":false},"author":2,"featured_media":17060,"template":"","meta":{"_coblocks_attr":"","_coblocks_dimensions":"","_coblocks_responsive_height":"","_coblocks_accordion_ie_support":"","_EventAllDay":true,"_EventTimezone":"America\/Sao_Paulo","_EventStartDate":"2015-10-27 00:00:00","_EventEndDate":"2015-10-31 23:59:59","_EventStartDateUTC":"2015-10-27 02:00:00","_EventEndDateUTC":"2015-11-01 01:59:59","_EventShowMap":true,"_EventShowMapLink":true,"_EventURL":"","_EventCost":"","_EventCostDescription":"","_EventCurrencySymbol":"","_EventCurrencyCode":"","_EventCurrencyPosition":"","_EventDateTimeSeparator":"","_EventTimeRangeSeparator":"","_EventOrganizerID":[918],"_EventVenueID":[17021],"_OrganizerEmail":"","_OrganizerPhone":"","_OrganizerWebsite":"","_VenueAddress":"","_VenueCity":"","_VenueCountry":"","_VenueProvince":"","_VenueState":"","_VenueZip":"","_VenuePhone":"","_VenueURL":"","_VenueStateProvince":"","_VenueLat":"","_VenueLng":"","_VenueShowMap":false,"_VenueShowMapLink":false,"_tribe_events_status":"","_tribe_events_status_reason":"","footnotes":""},"tags":[],"tribe_events_cat":[],"class_list":["post-16978","tribe_events","type-tribe_events","status-publish","has-post-thumbnail","hentry"],"yoast_head":"<!-- This site is optimized with the Yoast SEO plugin v25.7 - https:\/\/yoast.com\/wordpress\/plugins\/seo\/ -->\n<title>II Congreso Latinoamericano de Cultura Viva Comunitaria - IberCultura Viva<\/title>\n<meta name=\"description\" content=\"II Congreso Latinoamericano de Cultura Viva Comunitaria - IberCultura Viva\" \/>\n<meta name=\"robots\" content=\"index, follow, max-snippet:-1, max-image-preview:large, max-video-preview:-1\" \/>\n<link rel=\"canonical\" href=\"https:\/\/iberculturaviva.org\/es\/agenda\/ii-congreso-latinoamericano-de-cultura-viva-comunitaria\/\" \/>\n<meta property=\"og:locale\" content=\"es_ES\" \/>\n<meta property=\"og:type\" content=\"article\" \/>\n<meta property=\"og:title\" content=\"II Congreso Latinoamericano de Cultura Viva Comunitaria - IberCultura Viva\" \/>\n<meta property=\"og:description\" content=\"II Congreso Latinoamericano de Cultura Viva Comunitaria - IberCultura Viva\" \/>\n<meta property=\"og:url\" content=\"https:\/\/iberculturaviva.org\/es\/agenda\/ii-congreso-latinoamericano-de-cultura-viva-comunitaria\/\" \/>\n<meta property=\"og:site_name\" content=\"IberCultura Viva\" \/>\n<meta property=\"article:publisher\" content=\"https:\/\/www.facebook.com\/iberculturaviva\/\" \/>\n<meta property=\"og:image\" content=\"https:\/\/iberculturaviva.org\/wp-content\/uploads\/2015\/08\/LOGO-ENCABEZADO.png\" \/>\n\t<meta property=\"og:image:width\" content=\"1024\" \/>\n\t<meta property=\"og:image:height\" content=\"300\" \/>\n\t<meta property=\"og:image:type\" content=\"image\/png\" \/>\n<meta name=\"twitter:card\" content=\"summary_large_image\" \/>\n<script type=\"application\/ld+json\" class=\"yoast-schema-graph\">{\"@context\":\"https:\/\/schema.org\",\"@graph\":[{\"@type\":\"WebPage\",\"@id\":\"https:\/\/iberculturaviva.org\/es\/agenda\/ii-congreso-latinoamericano-de-cultura-viva-comunitaria\/\",\"url\":\"https:\/\/iberculturaviva.org\/es\/agenda\/ii-congreso-latinoamericano-de-cultura-viva-comunitaria\/\",\"name\":\"II Congreso Latinoamericano de Cultura Viva Comunitaria - IberCultura Viva\",\"isPartOf\":{\"@id\":\"https:\/\/iberculturaviva.org\/es\/?lang=es\/#website\"},\"primaryImageOfPage\":{\"@id\":\"https:\/\/iberculturaviva.org\/es\/agenda\/ii-congreso-latinoamericano-de-cultura-viva-comunitaria\/#primaryimage\"},\"image\":{\"@id\":\"https:\/\/iberculturaviva.org\/es\/agenda\/ii-congreso-latinoamericano-de-cultura-viva-comunitaria\/#primaryimage\"},\"thumbnailUrl\":\"https:\/\/iberculturaviva.org\/wp-content\/uploads\/2015\/08\/LOGO-ENCABEZADO.png\",\"datePublished\":\"2015-08-19T17:06:35+00:00\",\"description\":\"II Congreso Latinoamericano de Cultura Viva Comunitaria - IberCultura Viva\",\"breadcrumb\":{\"@id\":\"https:\/\/iberculturaviva.org\/es\/agenda\/ii-congreso-latinoamericano-de-cultura-viva-comunitaria\/#breadcrumb\"},\"inLanguage\":\"es\",\"potentialAction\":[{\"@type\":\"ReadAction\",\"target\":[\"https:\/\/iberculturaviva.org\/es\/agenda\/ii-congreso-latinoamericano-de-cultura-viva-comunitaria\/\"]}]},{\"@type\":\"ImageObject\",\"inLanguage\":\"es\",\"@id\":\"https:\/\/iberculturaviva.org\/es\/agenda\/ii-congreso-latinoamericano-de-cultura-viva-comunitaria\/#primaryimage\",\"url\":\"https:\/\/iberculturaviva.org\/wp-content\/uploads\/2015\/08\/LOGO-ENCABEZADO.png\",\"contentUrl\":\"https:\/\/iberculturaviva.org\/wp-content\/uploads\/2015\/08\/LOGO-ENCABEZADO.png\",\"width\":1024,\"height\":300},{\"@type\":\"BreadcrumbList\",\"@id\":\"https:\/\/iberculturaviva.org\/es\/agenda\/ii-congreso-latinoamericano-de-cultura-viva-comunitaria\/#breadcrumb\",\"itemListElement\":[{\"@type\":\"ListItem\",\"position\":1,\"name\":\"In\u00edcio\",\"item\":\"https:\/\/iberculturaviva.org\/es\/inicio\/\"},{\"@type\":\"ListItem\",\"position\":2,\"name\":\"Eventos\",\"item\":\"https:\/\/iberculturaviva.org\/es\/nossa-agenda\/\"},{\"@type\":\"ListItem\",\"position\":3,\"name\":\"II Congreso Latinoamericano de Cultura Viva Comunitaria\"}]},{\"@type\":\"WebSite\",\"@id\":\"https:\/\/iberculturaviva.org\/es\/?lang=es\/#website\",\"url\":\"https:\/\/iberculturaviva.org\/es\/?lang=es\/\",\"name\":\"IberCultura Viva\",\"description\":\"Programa de cooperaci\u00f3n cultural\",\"publisher\":{\"@id\":\"https:\/\/iberculturaviva.org\/es\/?lang=es\/#organization\"},\"potentialAction\":[{\"@type\":\"SearchAction\",\"target\":{\"@type\":\"EntryPoint\",\"urlTemplate\":\"https:\/\/iberculturaviva.org\/es\/?lang=es\/?s={search_term_string}\"},\"query-input\":{\"@type\":\"PropertyValueSpecification\",\"valueRequired\":true,\"valueName\":\"search_term_string\"}}],\"inLanguage\":\"es\"},{\"@type\":\"Organization\",\"@id\":\"https:\/\/iberculturaviva.org\/es\/?lang=es\/#organization\",\"name\":\"Iberculturaviva\",\"url\":\"https:\/\/iberculturaviva.org\/es\/?lang=es\/\",\"logo\":{\"@type\":\"ImageObject\",\"inLanguage\":\"es\",\"@id\":\"https:\/\/iberculturaviva.org\/es\/?lang=es\/#\/schema\/logo\/image\/\",\"url\":\"https:\/\/iberculturaviva.org\/wp-content\/uploads\/2021\/08\/logo_ibercultura_viva.jpg\",\"contentUrl\":\"https:\/\/iberculturaviva.org\/wp-content\/uploads\/2021\/08\/logo_ibercultura_viva.jpg\",\"width\":708,\"height\":223,\"caption\":\"Iberculturaviva\"},\"image\":{\"@id\":\"https:\/\/iberculturaviva.org\/es\/?lang=es\/#\/schema\/logo\/image\/\"},\"sameAs\":[\"https:\/\/www.facebook.com\/iberculturaviva\/\",\"https:\/\/www.instagram.com\/iberculturaviva\/\",\"https:\/\/www.youtube.com\/iberculturaviva\"]}]}<\/script>\n<!-- \/ Yoast SEO plugin. -->","yoast_head_json":{"title":"II Congreso Latinoamericano de Cultura Viva Comunitaria - IberCultura Viva","description":"II Congreso Latinoamericano de Cultura Viva Comunitaria - IberCultura Viva","robots":{"index":"index","follow":"follow","max-snippet":"max-snippet:-1","max-image-preview":"max-image-preview:large","max-video-preview":"max-video-preview:-1"},"canonical":"https:\/\/iberculturaviva.org\/es\/agenda\/ii-congreso-latinoamericano-de-cultura-viva-comunitaria\/","og_locale":"es_ES","og_type":"article","og_title":"II Congreso Latinoamericano de Cultura Viva Comunitaria - IberCultura Viva","og_description":"II Congreso Latinoamericano de Cultura Viva Comunitaria - IberCultura Viva","og_url":"https:\/\/iberculturaviva.org\/es\/agenda\/ii-congreso-latinoamericano-de-cultura-viva-comunitaria\/","og_site_name":"IberCultura Viva","article_publisher":"https:\/\/www.facebook.com\/iberculturaviva\/","og_image":[{"width":1024,"height":300,"url":"https:\/\/iberculturaviva.org\/wp-content\/uploads\/2015\/08\/LOGO-ENCABEZADO.png","type":"image\/png"}],"twitter_card":"summary_large_image","schema":{"@context":"https:\/\/schema.org","@graph":[{"@type":"WebPage","@id":"https:\/\/iberculturaviva.org\/es\/agenda\/ii-congreso-latinoamericano-de-cultura-viva-comunitaria\/","url":"https:\/\/iberculturaviva.org\/es\/agenda\/ii-congreso-latinoamericano-de-cultura-viva-comunitaria\/","name":"II Congreso Latinoamericano de Cultura Viva Comunitaria - IberCultura Viva","isPartOf":{"@id":"https:\/\/iberculturaviva.org\/es\/?lang=es\/#website"},"primaryImageOfPage":{"@id":"https:\/\/iberculturaviva.org\/es\/agenda\/ii-congreso-latinoamericano-de-cultura-viva-comunitaria\/#primaryimage"},"image":{"@id":"https:\/\/iberculturaviva.org\/es\/agenda\/ii-congreso-latinoamericano-de-cultura-viva-comunitaria\/#primaryimage"},"thumbnailUrl":"https:\/\/iberculturaviva.org\/wp-content\/uploads\/2015\/08\/LOGO-ENCABEZADO.png","datePublished":"2015-08-19T17:06:35+00:00","description":"II Congreso Latinoamericano de Cultura Viva Comunitaria - IberCultura Viva","breadcrumb":{"@id":"https:\/\/iberculturaviva.org\/es\/agenda\/ii-congreso-latinoamericano-de-cultura-viva-comunitaria\/#breadcrumb"},"inLanguage":"es","potentialAction":[{"@type":"ReadAction","target":["https:\/\/iberculturaviva.org\/es\/agenda\/ii-congreso-latinoamericano-de-cultura-viva-comunitaria\/"]}]},{"@type":"ImageObject","inLanguage":"es","@id":"https:\/\/iberculturaviva.org\/es\/agenda\/ii-congreso-latinoamericano-de-cultura-viva-comunitaria\/#primaryimage","url":"https:\/\/iberculturaviva.org\/wp-content\/uploads\/2015\/08\/LOGO-ENCABEZADO.png","contentUrl":"https:\/\/iberculturaviva.org\/wp-content\/uploads\/2015\/08\/LOGO-ENCABEZADO.png","width":1024,"height":300},{"@type":"BreadcrumbList","@id":"https:\/\/iberculturaviva.org\/es\/agenda\/ii-congreso-latinoamericano-de-cultura-viva-comunitaria\/#breadcrumb","itemListElement":[{"@type":"ListItem","position":1,"name":"In\u00edcio","item":"https:\/\/iberculturaviva.org\/es\/inicio\/"},{"@type":"ListItem","position":2,"name":"Eventos","item":"https:\/\/iberculturaviva.org\/es\/nossa-agenda\/"},{"@type":"ListItem","position":3,"name":"II Congreso Latinoamericano de Cultura Viva Comunitaria"}]},{"@type":"WebSite","@id":"https:\/\/iberculturaviva.org\/es\/?lang=es\/#website","url":"https:\/\/iberculturaviva.org\/es\/?lang=es\/","name":"IberCultura Viva","description":"Programa de cooperaci\u00f3n cultural","publisher":{"@id":"https:\/\/iberculturaviva.org\/es\/?lang=es\/#organization"},"potentialAction":[{"@type":"SearchAction","target":{"@type":"EntryPoint","urlTemplate":"https:\/\/iberculturaviva.org\/es\/?lang=es\/?s={search_term_string}"},"query-input":{"@type":"PropertyValueSpecification","valueRequired":true,"valueName":"search_term_string"}}],"inLanguage":"es"},{"@type":"Organization","@id":"https:\/\/iberculturaviva.org\/es\/?lang=es\/#organization","name":"Iberculturaviva","url":"https:\/\/iberculturaviva.org\/es\/?lang=es\/","logo":{"@type":"ImageObject","inLanguage":"es","@id":"https:\/\/iberculturaviva.org\/es\/?lang=es\/#\/schema\/logo\/image\/","url":"https:\/\/iberculturaviva.org\/wp-content\/uploads\/2021\/08\/logo_ibercultura_viva.jpg","contentUrl":"https:\/\/iberculturaviva.org\/wp-content\/uploads\/2021\/08\/logo_ibercultura_viva.jpg","width":708,"height":223,"caption":"Iberculturaviva"},"image":{"@id":"https:\/\/iberculturaviva.org\/es\/?lang=es\/#\/schema\/logo\/image\/"},"sameAs":["https:\/\/www.facebook.com\/iberculturaviva\/","https:\/\/www.instagram.com\/iberculturaviva\/","https:\/\/www.youtube.com\/iberculturaviva"]}]}},"_links":{"self":[{"href":"https:\/\/iberculturaviva.org\/es\/wp-json\/wp\/v2\/tribe_events\/16978","targetHints":{"allow":["GET"]}}],"collection":[{"href":"https:\/\/iberculturaviva.org\/es\/wp-json\/wp\/v2\/tribe_events"}],"about":[{"href":"https:\/\/iberculturaviva.org\/es\/wp-json\/wp\/v2\/types\/tribe_events"}],"author":[{"embeddable":true,"href":"https:\/\/iberculturaviva.org\/es\/wp-json\/wp\/v2\/users\/2"}],"version-history":[{"count":0,"href":"https:\/\/iberculturaviva.org\/es\/wp-json\/wp\/v2\/tribe_events\/16978\/revisions"}],"wp:featuredmedia":[{"embeddable":true,"href":"https:\/\/iberculturaviva.org\/es\/wp-json\/wp\/v2\/media\/17060"}],"wp:attachment":[{"href":"https:\/\/iberculturaviva.org\/es\/wp-json\/wp\/v2\/media?parent=16978"}],"wp:term":[{"taxonomy":"post_tag","embeddable":true,"href":"https:\/\/iberculturaviva.org\/es\/wp-json\/wp\/v2\/tags?post=16978"},{"taxonomy":"tribe_events_cat","embeddable":true,"href":"https:\/\/iberculturaviva.org\/es\/wp-json\/wp\/v2\/tribe_events_cat?post=16978"}],"curies":[{"name":"wp","href":"https:\/\/api.w.org\/{rel}","templated":true}]}}

<div style="text-align: justify;">Serán cinco días de espectáculos, festivales, debates, ponencias, reuniones, talleres y ferias. Las actividades se concentrarán en la Universidad de El Salvador. La apertura será en el Teatro Nacional, en el centro histórico de San Salvador, con la presencia del presidente de la República, Salvador Sánchez Ceren. Sepa más: <em>www.cvcelsalvador.cc</em>.</div>

<p>Encontro de pontos de cultura de toda a América Latina</p>

<!-- This site is optimized with the Yoast SEO plugin v25.7 - https://yoast.com/wordpress/plugins/seo/ -->
<title>II Congreso Latinoamericano de Cultura Viva Comunitaria - IberCultura Viva</title>
<meta name="description" content="II Congreso Latinoamericano de Cultura Viva Comunitaria - IberCultura Viva" />
<meta name="robots" content="index, follow, max-snippet:-1, max-image-preview:large, max-video-preview:-1" />
<link rel="canonical" href="https://iberculturaviva.org/es/agenda/ii-congreso-latinoamericano-de-cultura-viva-comunitaria/" />
<meta property="og:locale" content="es_ES" />
<meta property="og:type" content="article" />
<meta property="og:title" content="II Congreso Latinoamericano de Cultura Viva Comunitaria - IberCultura Viva" />
<meta property="og:description" content="II Congreso Latinoamericano de Cultura Viva Comunitaria - IberCultura Viva" />
<meta property="og:url" content="https://iberculturaviva.org/es/agenda/ii-congreso-latinoamericano-de-cultura-viva-comunitaria/" />
<meta property="og:site_name" content="IberCultura Viva" />
<meta property="article:publisher" content="https://www.facebook.com/iberculturaviva/" />
<meta property="og:image" content="https://iberculturaviva.org/wp-content/uploads/2015/08/LOGO-ENCABEZADO.png" />
	<meta property="og:image:width" content="1024" />
	<meta property="og:image:height" content="300" />
	<meta property="og:image:type" content="image/png" />
<meta name="twitter:card" content="summary_large_image" />
<script type="application/ld+json" class="yoast-schema-graph">{"@context":"https://schema.org","@graph":[{"@type":"WebPage","@id":"https://iberculturaviva.org/es/agenda/ii-congreso-latinoamericano-de-cultura-viva-comunitaria/","url":"https://iberculturaviva.org/es/agenda/ii-congreso-latinoamericano-de-cultura-viva-comunitaria/","name":"II Congreso Latinoamericano de Cultura Viva Comunitaria - IberCultura Viva","isPartOf":{"@id":"https://iberculturaviva.org/es/?lang=es/#website"},"primaryImageOfPage":{"@id":"https://iberculturaviva.org/es/agenda/ii-congreso-latinoamericano-de-cultura-viva-comunitaria/#primaryimage"},"image":{"@id":"https://iberculturaviva.org/es/agenda/ii-congreso-latinoamericano-de-cultura-viva-comunitaria/#primaryimage"},"thumbnailUrl":"https://iberculturaviva.org/wp-content/uploads/2015/08/LOGO-ENCABEZADO.png","datePublished":"2015-08-19T17:06:35+00:00","description":"II Congreso Latinoamericano de Cultura Viva Comunitaria - IberCultura Viva","breadcrumb":{"@id":"https://iberculturaviva.org/es/agenda/ii-congreso-latinoamericano-de-cultura-viva-comunitaria/#breadcrumb"},"inLanguage":"es","potentialAction":[{"@type":"ReadAction","target":["https://iberculturaviva.org/es/agenda/ii-congreso-latinoamericano-de-cultura-viva-comunitaria/"]}]},{"@type":"ImageObject","inLanguage":"es","@id":"https://iberculturaviva.org/es/agenda/ii-congreso-latinoamericano-de-cultura-viva-comunitaria/#primaryimage","url":"https://iberculturaviva.org/wp-content/uploads/2015/08/LOGO-ENCABEZADO.png","contentUrl":"https://iberculturaviva.org/wp-content/uploads/2015/08/LOGO-ENCABEZADO.png","width":1024,"height":300},{"@type":"BreadcrumbList","@id":"https://iberculturaviva.org/es/agenda/ii-congreso-latinoamericano-de-cultura-viva-comunitaria/#breadcrumb","itemListElement":[{"@type":"ListItem","position":1,"name":"Início","item":"https://iberculturaviva.org/es/inicio/"},{"@type":"ListItem","position":2,"name":"Eventos","item":"https://iberculturaviva.org/es/nossa-agenda/"},{"@type":"ListItem","position":3,"name":"II Congreso Latinoamericano de Cultura Viva Comunitaria"}]},{"@type":"WebSite","@id":"https://iberculturaviva.org/es/?lang=es/#website","url":"https://iberculturaviva.org/es/?lang=es/","name":"IberCultura Viva","description":"Programa de cooperación cultural","publisher":{"@id":"https://iberculturaviva.org/es/?lang=es/#organization"},"potentialAction":[{"@type":"SearchAction","target":{"@type":"EntryPoint","urlTemplate":"https://iberculturaviva.org/es/?lang=es/?s={search_term_string}"},"query-input":{"@type":"PropertyValueSpecification","valueRequired":true,"valueName":"search_term_string"}}],"inLanguage":"es"},{"@type":"Organization","@id":"https://iberculturaviva.org/es/?lang=es/#organization","name":"Iberculturaviva","url":"https://iberculturaviva.org/es/?lang=es/","logo":{"@type":"ImageObject","inLanguage":"es","@id":"https://iberculturaviva.org/es/?lang=es/#/schema/logo/image/","url":"https://iberculturaviva.org/wp-content/uploads/2021/08/logo_ibercultura_viva.jpg","contentUrl":"https://iberculturaviva.org/wp-content/uploads/2021/08/logo_ibercultura_viva.jpg","width":708,"height":223,"caption":"Iberculturaviva"},"image":{"@id":"https://iberculturaviva.org/es/?lang=es/#/schema/logo/image/"},"sameAs":["https://www.facebook.com/iberculturaviva/","https://www.instagram.com/iberculturaviva/","https://www.youtube.com/iberculturaviva"]}]}</script>
<!-- / Yoast SEO plugin. -->

Início

Programa de cooperación cultural
